{"id":22,"date":"2013-02-19T22:46:22","date_gmt":"2013-02-19T21:46:22","guid":{"rendered":"http:\/\/andalucialegal.com\/?page_id=22"},"modified":"2013-03-24T19:58:31","modified_gmt":"2013-03-24T18:58:31","slug":"derecho-mercantil","status":"publish","type":"page","link":"https:\/\/www.andalucialegal.com\/?page_id=22","title":{"rendered":"Derecho Mercantil"},"content":{"rendered":"<p>Nuestro equipo de abogados especializados asesora e interviene en la constituci\u00f3n de sociedades y otras entidades jur\u00eddicas, acompa\u00f1\u00e1ndolas en todas las vicisitudes que pueden experimentar a lo largo de su trayectoria.<\/p>\n<p>Contamos con una amplia experiencia en la negociaci\u00f3n, redacci\u00f3n y cierre de todo tipo de contratos mercantiles y en el dise\u00f1o de mecanismos oportunos para la resoluci\u00f3n de controversias y reclamaciones relacionadas con los mismos.<\/p>\n<p>As\u00ed mismo, somos\u00a0especialistas\u00a0en Derecho Consursal, asesorando a las partes que pueden verse afectadas por la eventual situaci\u00f3n de crisis econ\u00f3mica de una sociedad. Nuestro asesoramiento en esta rama se extiende a:<\/p>\n<ul>\n<li>Asesoramiento en la fase preconcursal.<\/li>\n<li>Responsabilidad de administradores.<\/li>\n<li>Preparaci\u00f3n del convenio con acreedores.<\/li>\n<li>Asesoramiento a la administraci\u00f3n concursal.<\/li>\n<li>Expedientes de regulaci\u00f3n de empleo.<\/li>\n<li>Asesoramiento en la fase de liquidaci\u00f3n.<\/li>\n<li>Reconocimiento y ejecuci\u00f3n de resoluciones judiciales dictadas en procesos concursales extranjeros.<\/li>\n<li>Estructuraci\u00f3n de inversiones en activos y pasivos concursales.<\/li>\n<li>Impugnaci\u00f3n y reconocimiento de cr\u00e9ditos.<\/li>\n<li>Defensa de los derechos de los acreedores.<\/li>\n<li>Ejecuci\u00f3n de garant\u00edas.<\/li>\n<\/ul>\n<!-- AddThis Advanced Settings generic via filter on the_content --><!-- AddThis Share Buttons generic via filter on the_content -->","protected":false},"excerpt":{"rendered":"<p>Nuestro equipo de abogados especializados asesora e interviene en la constituci\u00f3n de sociedades y otras entidades jur\u00eddicas, acompa\u00f1\u00e1ndolas en todas las vicisitudes que pueden experimentar a lo largo de su trayectoria. Contamos con una amplia experiencia en la negociaci\u00f3n, redacci\u00f3n y cierre de todo tipo de contratos mercantiles y en el dise\u00f1o de mecanismos oportunos [&hellip;]<!-- AddThis Advanced Settings generic via filter on get_the_excerpt --><!-- AddThis Share Buttons generic via filter on get_the_excerpt --><\/p>\n","protected":false},"author":1,"featured_media":0,"parent":6,"menu_order":0,"comment_status":"closed","ping_status":"closed","template":"","meta":[],"_links":{"self":[{"href":"https:\/\/www.andalucialegal.com\/index.php?rest_route=\/wp\/v2\/pages\/22"}],"collection":[{"href":"https:\/\/www.andalucialegal.com\/index.php?rest_route=\/wp\/v2\/pages"}],"about":[{"href":"https:\/\/www.andalucialegal.com\/index.php?rest_route=\/wp\/v2\/types\/page"}],"author":[{"embeddable":true,"href":"https:\/\/www.andalucialegal.com\/index.php?rest_route=\/wp\/v2\/users\/1"}],"replies":[{"embeddable":true,"href":"https:\/\/www.andalucialegal.com\/index.php?rest_route=%2Fwp%2Fv2%2Fcomments&post=22"}],"version-history":[{"count":2,"href":"https:\/\/www.andalucialegal.com\/index.php?rest_route=\/wp\/v2\/pages\/22\/revisions"}],"predecessor-version":[{"id":158,"href":"https:\/\/www.andalucialegal.com\/index.php?rest_route=\/wp\/v2\/pages\/22\/revisions\/158"}],"up":[{"embeddable":true,"href":"https:\/\/www.andalucialegal.com\/index.php?rest_route=\/wp\/v2\/pages\/6"}],"wp:attachment":[{"href":"https:\/\/www.andalucialegal.com\/index.php?rest_route=%2Fwp%2Fv2%2Fmedia&parent=22"}],"curies":[{"name":"wp","href":"https:\/\/api.w.org\/{rel}","templated":true}]}}