{"id":5,"date":"2013-02-19T21:15:15","date_gmt":"2013-02-19T21:15:15","guid":{"rendered":"http:\/\/andalucialegal.com\/?page_id=1"},"modified":"2013-04-01T23:33:21","modified_gmt":"2013-04-01T21:33:21","slug":"about","status":"publish","type":"page","link":"https:\/\/www.andalucialegal.com\/?page_id=5","title":{"rendered":"Quienes Somos"},"content":{"rendered":"<p>Fundado en 1979, Garc\u00eda Montoya Abogados es un despacho de abogados, que, debido a su alto grado de especializaci\u00f3n, est\u00e1 orientado tanto a particulares como a empresas, destacando en el campo del derecho social de la mano de su fundador, Enrique Garc\u00eda Montoya, Inspector de Trabajo en excedencia, y liderando nuevas v\u00edas de asesoramiento que nos permiten ofrecer servicios multidisciplinares.<\/p>\n<p>Desde sus inicios, el compromiso, la lealtad y confianza con nuestros clientes, nos ha permitido adquirir un gran n\u00famero de personas y empresas que conf\u00edan en nosotros, y a la vez, ampliar nuestras instalaciones tanto de infraestructuras como de personal especializado.<\/p>\n<p>COMPROMISO: Cualquier encargo realizado por parte de nuestros clientes supone para Garc\u00eda Montoya Abogados un desafio y un evidente compromiso por parte nuestra con el cliente. El nuevo reto nos supone una resoluci\u00f3n del asunto planteado de la forma m\u00e1s satisfactoria posible para los intereses de nuestro cliente, as\u00ed como el hecho de superar las expectativas creadas por nuestro cliente en el momento de realizar el encargo profesional a nuestro Bufete.<\/p>\n<p>EFICACIA: Garc\u00eda Montoya Abogados est\u00e1 organizado &#8220;modularmente&#8221;, circunstancia que nos permite que cada modulo pueda tener al alcance recursos propios y externos y los puedan gestionar de forma r\u00e1pida y eficaz, consiguiendo una mayor diligencia para los intereses de nuestros clientes y un asesoramiento multidisciplinar. La especializaci\u00f3n de nuestro personal en las diferentes \u00e1reas del derecho expuestas, nos permite una mejora sustancial en la rapidez de gesti\u00f3n del encargo, de forma que la eficacia se mezcla de manera indisoluble con la soluci\u00f3n del asunto a favor de nuestros clientes.<\/p>\n<p>PROFESIONALIDAD: La firma Garc\u00eda Montoya Abogados est\u00e1 integrada por un gran grupo de profesionales especializados seg\u00fan los diversos campos del derecho, que le asesorar\u00e1n de la forma m\u00e1s correcta y adecuada, inform\u00e1ndole de sus derechos y obligaciones, en cada uno de los supuestos concretos que nos plantee.<\/p>\n<p>Constituimos un amplio grupo de profesionales, de distintas edades, que funciona como un todo arm\u00f3nico y modular en todas las ramas del derecho, uniendo a la especializaci\u00f3n individual una visi\u00f3n conjunta y multidisciplinar que nos permite garantizar a nuestros clientes un asesoramiento y defensa basado en la confianza y en los resultados. Nuestro trabajo en grupos armonizados nos permite ofrecer una confianza plena en nuestros servicios, sin olvidar un trato humano cercano y personalizado.<\/p>\n<p>Los servicios y trabajos legales se completan con un ampl\u00edsimo grupo de profesionales de las distintas ramas del conocimiento (humanistas, psic\u00f3logos, m\u00e9dicos, ingenieros, economistas, auditores, etc.) que vienen colaborando con nuestro despacho desde hace a\u00f1os y que completan totalmente nuestra actividad profesional.<\/p>\n<p>Por todo ello, puede depositar su confianza en nosotros con la seguridad de que sus intereses y deseos estan garantizados por nuestra cualificaci\u00f3n profesional y experiencia.<\/p>\n<!-- AddThis Advanced Settings generic via filter on the_content --><!-- AddThis Share Buttons generic via filter on the_content -->","protected":false},"excerpt":{"rendered":"<p>Fundado en 1979, Garc\u00eda Montoya Abogados es un despacho de abogados, que, debido a su alto grado de especializaci\u00f3n, est\u00e1 orientado tanto a particulares como a empresas, destacando en el campo del derecho social de la mano de su fundador, Enrique Garc\u00eda Montoya, Inspector de Trabajo en excedencia, y liderando nuevas v\u00edas de asesoramiento que [&hellip;]<!-- AddThis Advanced Settings generic via filter on get_the_excerpt --><!-- AddThis Share Buttons generic via filter on get_the_excerpt --><\/p>\n","protected":false},"author":1,"featured_media":0,"parent":0,"menu_order":1,"comment_status":"closed","ping_status":"closed","template":"","meta":[],"_links":{"self":[{"href":"https:\/\/www.andalucialegal.com\/index.php?rest_route=\/wp\/v2\/pages\/5"}],"collection":[{"href":"https:\/\/www.andalucialegal.com\/index.php?rest_route=\/wp\/v2\/pages"}],"about":[{"href":"https:\/\/www.andalucialegal.com\/index.php?rest_route=\/wp\/v2\/types\/page"}],"author":[{"embeddable":true,"href":"https:\/\/www.andalucialegal.com\/index.php?rest_route=\/wp\/v2\/users\/1"}],"replies":[{"embeddable":true,"href":"https:\/\/www.andalucialegal.com\/index.php?rest_route=%2Fwp%2Fv2%2Fcomments&post=5"}],"version-history":[{"count":10,"href":"https:\/\/www.andalucialegal.com\/index.php?rest_route=\/wp\/v2\/pages\/5\/revisions"}],"predecessor-version":[{"id":136,"href":"https:\/\/www.andalucialegal.com\/index.php?rest_route=\/wp\/v2\/pages\/5\/revisions\/136"}],"wp:attachment":[{"href":"https:\/\/www.andalucialegal.com\/index.php?rest_route=%2Fwp%2Fv2%2Fmedia&parent=5"}],"curies":[{"name":"wp","href":"https:\/\/api.w.org\/{rel}","templated":true}]}}